er when d is divided by 36?
9
Let f be 3/4 - 63/84. Suppose 17*y + f*y = 2839. What is the remainder when y is divided by 24?
23
Let c = -73 - -84. Suppose 0 = -z + 8 + c. What is the remainder when 29 is divided by z?
10
Let d(p) = p**2 - 4*p - 18. Let z be d(6). Let b(w) = w**3 + 7*w**2 + 3*w - 7. Calculate the remainder when (1/(-2))/(1/(-82)) is divided by b(z).
8
Suppose 0 = -f + 5*f - 12, -d = -5*f - 350. Calculate the remainder when d is divided by 16.
13
Suppose -3*n = -11*n + 152. Let m(y) = y**3 - 3*y**2 - 6. Let a be m(5). Suppose 2*z + a = 156. Calculate the remainder when z is divided by n.
18
Let z be 0 - 86 - (12 - 10). Let l = -49 - z. What is the remainder when l is divided by 14?
11
Let q(j) be the third derivative of j**5/60 + 5*j**4/24 + 2*j**3/3 + 5*j**2. Let s be q(-6). Suppose -y + s = y. What is the remainder when 17 is divided by y?
2
Let a(r) = r - 7. Let l be a(6). Let h be l - -6*(-3)/(-6). Suppose 0 = -0*k - h*k + 70. What is the remainder when k is divided by 12?
11
Let r = 124 + -119. Let h = 12 - -6. Suppose 4*p + 3*z - 24 - 25 = 0, -p = -r*z - h. What is the remainder when 37 is divided by p?
11
Suppose -3*r = -3*v - 9, 5*r - 1 = -2*v - 0*v. What is the remainder when 7 is divided by 7 + r*(-4)/4?
1
Suppose 2*q = 7 + 11. Suppose -p = -26 + 1. Suppose -2*h = -3*h + p. What is the remainder when h is divided by q?
7
Let l be (20/(-16) + -3)/(2/(-8)). Suppose 0 = -l*m + 22*m - 40. Calculate the remainder when 37 is divided by m.
5
Let m = -1043 - -1088. What is the remainder when m is divided by (1 + 17)*4/6?
9
Let t(x) = 109*x**2 - 7*x + 7. What is the remainder when t(1) is divided by 16?
13
Let p(o) = -2*o**2 - 71*o**3 + 31*o**3 + 39*o**3 + 2. Let r be p(-2). What is the remainder when 27 is divided by 14 + (0 + r)/2?
12
Let u = -81 - -92. Calculate the remainder when 76 is divided by u.
10
What is the remainder when (-1 + -2)*-3*(-212)/(-12) is divided by 5?
4
Suppose 4*d - c = 88, -5*c = -28*d + 23*d + 95. What is the remainder when (1 - 0 - 2) + 83 is divided by d?
13
Let l(q) = -q**3 + 25*q**2 + 37. Let s be l(25). Let f = 21 + s. Let x = 29 - 17. What is the remainder when f is divided by x?
10
Let d(n) = -5*n - 1. Suppose -28 + 4 = 4*r. What is the remainder when d(r) is divided by (3 - 8)/((-2)/6)?
14
Suppose -22 = 3*j - 4*j. Let q(l) = 65*l**2 - l - 1. Let d(v) = -v**2 + 5*v - 5. Let z be d(4). Calculate the remainder when q(z) is divided by j.
21
Suppose 3*k + 6 = 21. Let j(a) = 4*a - 2. What is the remainder when 70 is divided by j(k)?
16
Let g(b) = -b**2 - 17*b + 22. Suppose 0 = l + 3*x + 15, -2*x = -4*l - 64 - 10. Calculate the remainder when g(l) is divided by 1.
0
Suppose -2*c + 2*t = -56, -3*c - 5*t = c - 85. Let w = 36 - c. Calculate the remainder when (6/(-5))/(1/(-25)) is divided by w.
8
Let a = -42 + 63. Let s(z) = z**2 - 3*z + 1. What is the remainder when s(-5) is divided by a?
20
Suppose -11*n - 185 = 57. Let a = n + 25. What is the remainder when 3 is divided by a?
0
Let p = -545 - -664. Calculate the remainder when p is divided by 3.
2
Suppose -166 = -5*r - q, 0 = -5*r - 5*q + 10*q + 160. Calculate the remainder when 524 is divided by r.
29
Suppose -2*y + 4*y + 22 = 4*i, 20 = 4*i - 4*y. Suppose -14*c + 18*c + 4*z = 24, -5*c + z = -30. What is the remainder when i is divided by c?
0
Let c = -238 + 325. What is the remainder when c is divided by 30?
27
Suppose 50 - 140 = -5*f. Calculate the remainder when f is divided by -21*((-176)/24 - -7).
4
Let d(x) = -x**3 + 8*x**2 + 3*x + 3. Let i be d(8). Let t = 15 - 3. Calculate the remainder when 34 is divided by (28/t - 2)*i.
7
Let k = -115 + 117. What is the remainder when 23 is divided by ((1 - k) + (-35)/28)*-4?
5
Suppose -14*t = -11*t - 12, -g + 440 = -t. What is the remainder when g is divided by 13?
2
Calculate the remainder when (-2)/3 + 725/75 is divided by 8.
1
Suppose c - 88 = -26. What is the remainder when c is divided by 10?
2
Let t be (-5)/(-2) - (-9)/18. Suppose 5*h + 0*j - 120 = t*j, j + 47 = 2*h. Calculate the remainder when 59 is divided by h.
17
Let j = 284 + -187. Let l = j - 81. Suppose 0 = 2*d - 0*d + 4*b - 110, -2*b - 250 = -4*d. What is the remainder when d is divided by l?
13
Suppose 5*a = h - 7 - 292, -1241 = -4*h + 5*a. What is the remainder when h is divided by 9?
8
Suppose -5*d - 27*d = -9728. What is the remainder when d is divided by 61?
60
Suppose 3*m + 40 = 4*m. Let q = -15022 + 15178. Calculate the remainder when q is divided by m.
36
Let r = 1663 + -1637. What is the remainder when 80 is divided by r?
2
Suppose 2*v - 23 = 15. Let r = v - -10. Suppose 60*l - 711 = -231. Calculate the remainder when r is divided by l.
5
Suppose 71*f - 90*f - 133 = 0. Let y(s) = 2*s**2 - 3*s - 4. Let c be y(4). Let w = f + c. What is the remainder when 17 is divided by w?
8
What is the remainder when 222 is divided by (1/(-1 - -2))/((-1)/(-56))?
54
Let j(c) = c**2 + 5*c - 29. What is the remainder when 61 is divided by j(-10)?
19
Let s(m) = -m**2 + 19*m - 3. Suppose -41 = -d + 4*z, -6*d + z + 164 = -2*d. Calculate the remainder when d is divided by s(18).
11
Let h(f) = -f**3 - 9*f**2 - 19*f - 13. What is the remainder when 1075 is divided by h(-7)?
19
Suppose -29*p + 27*p = -246. What is the remainder when p is divided by 31?
30
Let t(d) = 2*d - 2. Let r be t(0). Let u be 52/20 + r/(-5). Suppose k + 40 = u*k. Calculate the remainder when k is divided by 11.
9
Let w = 71 - 50. Suppose 0 = 38*s - 54*s + 1952. What is the remainder when s is divided by w?
17
Suppose 10159 + 1397 = 54*d. What is the remainder when d is divided by 208?
6
Let u(q) = 3*q**2 + 16*q + 56. Calculate the remainder when u(-6) is divided by 14.
12
Suppose 42 = -3*k + 3*q, k + 4*q = -4*k - 79. Let a = -13 - k. Suppose 57 = 3*r + a*j, -3*j - j - 76 = -4*r. Calculate the remainder when r is divided by 5.
4
Let p(v) = v**2 + 10*v + 16. Let z be p(-16). Suppose -l - z = 2*k, -k + 4*l - 18 = 20. Let h = k - -77. Calculate the remainder when h is divided by 8.
7
Suppose -n - 2*s = n - 36, 62 = 4*n + 2*s. What is the remainder when 140 is divided by n?
10
Let j(y) = 23*y - 12. Let h be j(12). Let k = -145 + h. What is the remainder when k is divided by 24?
23
Suppose 2*q - 5*v + 1 = 5*q, 0 = -5*q - 2*v + 27. Suppose 0 = -2*h - 4*o + 36, 5*o = 11*h - 6*h - 105. Calculate the remainder when h is divided by q.
6
Let s(l) = -20 - 12*l + 5 - 5*l**2 - 12*l + 3*l**2. What is the remainder when s(-7) is divided by 19?
17
Let k(u) = 51*u**3 - u**2 + 2*u - 1. Let i = -68 + 94. Suppose 139 = 5*q + 4*b, i = q - 2*b + 1. What is the remainder when k(1) is divided by q?
24
Let k(a) = -a**3 - 23*a**2 - 20*a + 44. Let g be k(-22). Suppose -4*i + 19 + 5 = g. Calculate the remainder when 9 is divided by i.
3
Let h be (171/(-108) - (-2)/8)*-60. Suppose -3*b + 5*b - 2*w = h, 160 = 5*b + 5*w. Calculate the remainder when b is divided by 10.
6
Calculate the remainder when (378/(-4) - 0)*30/(-45) is divided by 16.
15
Suppose -5*c = 2*g - 119, -38*g - 3*c = -41*g + 168. What is the remainder when g is divided by 13?
5
Suppose -315*b + 96 = -307*b. What is the remainder when 621 is divided by b?
9
Suppose -5062 = -29*n + 2449. Calculate the remainder when n is divided by 52.
51
Let s(g) = g**3 + 4*g**2 - 3*g - 1. Let n be s(-3). Let l = n + -44. Calculate the remainder when (l/(-4))/(30/80) is divided by 5.
3
Let w(t) = t**3 + 12*t**2 + 16*t - 24. Let g be w(-10). Suppose g - 48 = -4*q. Calculate the remainder when 77 is divided by q.
5
Suppose -78 = -4*z - 2. Calculate the remainder when 54 is divided by z.
16
Suppose -5*n + 9 = 4*g, -2*n - g + 6*g = -30. What is the remainder when 10 is divided by n?
0
Let g(b) = -7*b**3 - 7*b**2 - 15*b - 7. What is the remainder when 504 is divided by g(-2)?
45
Let a = 1 - -3. Let b = -10 + 12. Suppose b*r + 70 = a*r. What is the remainder when r is divided by 12?
11
Calculate the remainder when (36 - 2)/(13/195) is divided by 43.
37
Suppose 5*l = -4*c + 518, 2*l + l - 2*c - 302 = 0. What is the remainder when l is divided by 36?
30
Suppose 68 = 7*b - 289. Let z = 265 - 63. What is the remainder when z is divided by b?
49
Suppose 87*a = 112*a - 775. Let h = -7 + 10. What is the remainder when a is divided by ((-2)/h)/((-4)/24)?
3
Let t(i) = 3*i**2 - 3